ided by 1480.
470
What is the remainder when 108287 is divided by 141?
140
Calculate the remainder when 1539 is divided by 730.
79
What is the remainder when 9924 is divided by 1181?
476
Calculate the remainder when 889500 is divided by 22.
18
Calculate the remainder when 42430 is divided by 363.
322
Calculate the remainder when 62137 is divided by 269.
267
What is the remainder when 1581695 is divided by 41?
38
Calculate the remainder when 89816 is divided by 1952.
24
Calculate the remainder when 3103 is divided by 197.
148
What is the remainder when 4430 is divided by 440?
30
What is the remainder when 1715 is divided by 335?
40
Calculate the remainder when 1708234 is divided by 113882.
4
Calculate the remainder when 217282 is divided by 152.
74
What is the remainder when 60572 is divided by 62?
60
Calculate the remainder when 1470 is divided by 179.
38
Calculate the remainder when 2196702 is divided by 371.
11
What is the remainder when 8715 is divided by 1438?
87
Calculate the remainder when 7164 is divided by 3542.
80
Calculate the remainder when 20079 is divided by 803.
4
Calculate the remainder when 981 is divided by 65.
6
What is the remainder when 12075 is divided by 19?
10
What is the remainder when 6206 is divided by 6151?
55
Calculate the remainder when 91844 is divided by 2782.
38
Calculate the remainder when 793 is divided by 186.
49
What is the remainder when 6084 is divided by 1951?
231
What is the remainder when 2863014 is divided by 207?
204
What is the remainder when 3285367 is divided by 9?
7
What is the remainder when 4404 is divided by 873?
39
What is the remainder when 62153 is divided by 31069?
15
Calculate the remainder when 14003 is divided by 12.
11
What is the remainder when 19162 is divided by 1063?
28
What is the remainder when 26746 is divided by 1337?
6
What is the remainder when 511047 is divided by 15?
12
Calculate the remainder when 2401 is divided by 7.
0
Calculate the remainder when 50037 is divided by 191.
186
Calculate the remainder when 10367 is divided by 81.
80
Calculate the remainder when 2541 is divided by 814.
99
Calculate the remainder when 2039 is divided by 1928.
111
What is the remainder when 435842 is divided by 62262?
8
What is the remainder when 9119 is divided by 5?
4
What is the remainder when 192782 is divided by 275?
7
Calculate the remainder when 10442 is divided by 72.
2
Calculate the remainder when 14430 is divided by 524.
282
What is the remainder when 1527 is divided by 1129?
398
Calculate the remainder when 18685 is divided by 2653.
114
What is the remainder when 12693 is divided by 12661?
32
Calculate the remainder when 3862 is divided by 761.
57
Calculate the remainder when 68239 is divided by 107.
80
What is the remainder when 1372 is divided by 163?
68
Calculate the remainder when 14052 is divided by 3502.
44
Calculate the remainder when 1689 is divided by 453.
330
What is the remainder when 78295 is divided by 100?
95
What is the remainder when 8755 is divided by 310?
75
What is the remainder when 21036 is divided by 150?
36
What is the remainder when 7015 is divided by 71?
57
Calculate the remainder when 20684 is divided by 27.
2
Calculate the remainder when 7644 is divided by 170.
164
What is the remainder when 14567 is divided by 149?
114
What is the remainder when 2401 is divided by 86?
79
What is the remainder when 62314 is divided by 159?
145
Calculate the remainder when 219741 is divided by 112.
109
What is the remainder when 42645 is divided by 748?
9
Calculate the remainder when 2093 is divided by 402.
83
What is the remainder when 37490 is divided by 26?
24
What is the remainder when 7626 is divided by 407?
300
Calculate the remainder when 180283 is divided by 1878.
1873
What is the remainder when 387899 is divided by 10?
9
Calculate the remainder when 6125 is divided by 3033.
59
What is the remainder when 254885 is divided by 988?
969
What is the remainder when 1423 is divided by 4?
3
What is the remainder when 70352 is divided by 17587?
4
Calculate the remainder when 401957 is divided by 167.
155
What is the remainder when 1434 is divided by 679?
76
What is the remainder when 1459 is divided by 630?
199
What is the remainder when 26208 is divided by 26123?
85
What is the remainder when 7623 is divided by 3552?
519
Calculate the remainder when 197657 is divided by 197656.
1
Calculate the remainder when 532229 is divided by 1232.
5
What is the remainder when 193463 is divided by 311?
21
Calculate the remainder when 10640 is divided by 36.
20
Calculate the remainder when 3507 is divided by 39.
36
What is the remainder when 5109 is divided by 574?
517
What is the remainder when 684471 is divided by 379?
376
What is the remainder when 30663 is divided by 374?
369
Calculate the remainder when 2423 is divided by 196.
71
What is the remainder when 19432 is divided by 75?
7
What is the remainder when 62794 is divided by 15680?
74
Calculate the remainder when 3275386 is divided by 34.
30
What is the remainder when 2362 is divided by 70?
52
Calculate the remainder when 160009 is divided by 800.
9
What is the remainder when 570596 is divided by 25?
21
What is the remainder when 71128 is divided by 83?
80
What is the remainder when 2568 is divided by 465?
243
What is the remainder when 1710786 is divided by 169?
168
What is the remainder when 1012 is divided by 236?
68
Calculate the remainder when 53884 is divided by 32.
28
Calculate the remainder when 59775 is divided by 273.
261
What is the remainder when 7210 is divided by 132?
82
What is the remainder when 1579 is divided by 152?
59
What is the remainder when 2519 is divided by 500?
19
What is the remainder when 7781 is divided by 859?
50
What is the remainder when 943 is divided by 155?
13
What is the remainder when 16998 is divided by 5653?
39
Calculate the remainder when 1495 is divided by 40.
15
What is the remainder when 7313 is divided by 133?
131
Calculate the remainder when 311834 is divided by 196.
194
What is the remainder when 418106 is divided by 15485?
11
What is the remainder when 4832 is divided by 4829?
3
What is the remainder when 10016 is divided by 4904?
208
What is the remainder when 26454 is divided by 666?
480
Calculate the remainder when 56685 is divided by 352.
13
What is the remainder when 4757 is divided by 2376?
5
What is the remainder when 42661 is divided by 381?
370
What is the remainder when 1516 is divided by 214?
18
Calculate the remainder when 2760733 is divided by 1426.
1423
Calculate the remainder when 2891 is divided by 18.
11
What is the remainder when 343732 is divided by 49?
46
Calculate the remainder when 135490 is divided by 79.
5
What is the remainder when 4839 is divided by 28?
23
Calculate the remainder when 75795 is divided by 1114.
43
Calculate the remainder when 5070 is divided by 32.
14
Calculate the remainder when 1238 is divided by 1069.
169
What is the remainder when 4106 is divided by 111?
110
What is the remainder when 1205 is divided by 300?
5
What is the remainder when 1028 is divided by 334?
26
What is the remainder when 345931 is divided by 57654?
7
What is the remainder when 148001 is divided by 410?
401
Calculate the remainder when 2294 is divided by 165.
149
Calculate the remainder when 1272643 is divided by 135.
133
What is the remainder when 759 is divided by 90?
39
Calculate the remainder when 150618 is divided by 340.
338
What is the remainder when 246532 is divided by 49300?
32
Calculate the remainder when 4251 is divided by 37.
33
What is the remainder when 4665 is divided by 153?
75
Calculate the remainder when 136256 is divided by 678.
656
Calculate the remainder when 1099 is divided by 712.
387
What is the remainder when 428924 is divided by 129?
128
What is the remainder when 24017 is divided by 677?
322
What is the remainder when 457062 is divided by 38?
36
Calculate the remainder when 5751 is divided by 1915.
6
What is the remainder when 1029 is divided by 726?
303
Calculate the remainder when 1473 is divided by 1470.
3
Calculate the remainder when 4383 is divided by 17.
14
What is the remainder when 5036 is divided by 70?
66
What is the remainder when 2065 is divided by 46?
41
Calculate the remainder when 36946 is divided by 78.
52
What is the rem